. What is the units digit of p(w)?
7
Let t = -6 - -8. Suppose n + 0 - t = 0. What is the units digit of (4 - n)*(-15)/(-6)?
5
Let m(j) = j**3 + 7*j**2 - 3*j - 8. Suppose -5*s + 15 = -0*s. Suppose s = g - 5*v, -4*g - 18 - 12 = v. What is the units digit of m(g)?
3
Let j = 6 + -3. Suppose 0*y - 3 = j*y. What is the tens digit of 19/(0 - y)*1?
1
Let j = 5 + -6. Let m be (-10)/20 - j/(-2). Let w = 12 + m. What is the tens digit of w?
1
Let t = 19 - 9. What is the tens digit of t?
1
Let c(u) = -u**2 - 11*u - 11. What is the tens digit of c(-7)?
1
Let o(c) be the second derivative of -c**3/6 + 5*c**2/2 + 3*c. What is the units digit of o(-3)?
8
Let g(u) = 5*u**3 - 2*u**2 + 2. Suppose 0*l = -l + 2. What is the tens digit of g(l)?
3
Suppose -3*a = a - 12. Suppose -r = 3*u - 13, u - 3*u + a = -5*r. What is the units digit of u?
4
Let y = -145 - -211. What is the tens digit of y?
6
Let s(w) = -w**2 - 27*w - 30. What is the units digit of s(-20)?
0
Let g(j) = 3*j**2 - 2*j**2 + 4*j - 12*j + 4. Let o be 1/((-5)/(-45) + 0). What is the tens digit of g(o)?
1
Let f(y) = y - y - y + 0. Suppose -2 = -4*q - 10. What is the units digit of f(q)?
2
Suppose b = -2*i + 6, 2*b = 3*i - b. Suppose 2*j - 9 - 32 = -5*a, 0 = i*j + a - 37. What is the tens digit of j?
1
Let v = 0 - -4. Let f = v + -1. Suppose a + 9 - 32 = -2*x, -f*a = -4*x - 19. What is the tens digit of a?
1
Suppose -5*n + 3*h = -9, -3*n - 2*h + 3 = -10. Suppose n*b = 8*b + 20. Let s = 14 - b. What is the units digit of s?
8
What is the tens digit of (0 - (-51)/6)*6?
5
Suppose -4*l + 16 = 0, 0 = 2*w - w + 5*l - 8. What is the units digit of (-2 + w)*(-1)/1?
4
Let q be 1 + 2 - (-5 + 3). Suppose q*j + r - 15 = 4*r, 2*j + 4*r - 6 = 0. What is the units digit of j?
3
Let c = -6 + 8. Suppose c*h = i - 4, 2*h + 5 = 3*i - 3. Suppose -d + 9 = i. What is the units digit of d?
7
Let o be (3 + -2)/(2/(-10)). Let l = 9 + o. Suppose 0 = -l*g - y - 2*y + 31, -g - 3*y = -10. What is the units digit of g?
7
Let z = 0 - -12. Let s = z + -6. Suppose -2*m = -s, -2*w + m + m = -10. What is the units digit of w?
8
Suppose 4*z + 0*z - 28 = 0. Let h = z + -6. What is the units digit of h?
1
Let y(f) = 2*f**2 + 4*f - 10. What is the tens digit of y(6)?
8
Suppose -2*d - 4*h - 6 = 0, 5*d + 47 = -3*h - 3. What is the units digit of (-1)/3 - d/3?
4
Let l = 4 + -4. Let q(f) = -f. Let o be q(l). Suppose 3*v + 13 = 3*x - v, o = 5*x - 3*v - 40. What is the units digit of x?
1
Let g be 6 - (-1 + 2)*1. Let w(n) = 1 + 2*n - n + 0. What is the units digit of w(g)?
6
Let d(l) = -l**3 + 7*l**2 - 6*l + 5. Let a(u) = 7*u**2 - 2*u + 1. Let o be a(1). Let r be d(o). Suppose 0*n - 5*n + r = 0. What is the units digit of n?
1
Suppose k = 7*k. Suppose 5*x = v - 42, -v - 4*x + 7*x + 32 = k. What is the tens digit of v?
1
Let p = 50 - 10. What is the tens digit of p?
4
Let m = 14 - 8. Let c be (-3)/m*-6*1. Suppose -2*s - c*k = -9, -3*k - 1 + 4 = 0. What is the units digit of s?
3
Suppose -10 = -z - z. What is the units digit of z?
5
Let s(u) be the first derivative of u**3/3 + 5*u**2/2 - 4*u - 5. What is the units digit of s(-7)?
0
Let b = 4 + -16. What is the units digit of (-1 - 0)*b*1?
2
Suppose -4*d + 0 = -4. Let t be d/2 - 153/(-6). Let g = t - 14. What is the tens digit of g?
1
Let h(b) = -b + 2. Let x be h(0). Suppose -4*z - x*k = -78 + 26, 2*z - k - 30 = 0. What is the tens digit of z?
1
Suppose 2*r - 2 = 4*r. What is the units digit of (130/30)/(r/(-3))?
3
Suppose 0 = -5*i + 31 - 11, -t + 118 = 5*i. What is the units digit of t?
8
Suppose 8 = s - 0*s. What is the units digit of s?
8
Suppose -4*q + q + 12 = 0. What is the tens digit of (-5)/(-20) + 107/q?
2
Suppose c - o - 66 = -0*o, 5*c + 2*o = 358. What is the tens digit of c?
7
Let c(g) = 2*g**3 + 2*g**2 - 1. Let l be c(1). Suppose -4*n = -l*r - 21, 2*r + 4 = n - 0. What is the units digit of n?
6
Suppose -3*m - 1 = -3*q + 5, 8 = -2*m + 3*q. Let z(b) = b - 6 - b + 12 + m*b. What is the tens digit of z(6)?
1
Suppose -550 = -10*j - 0*j. What is the tens digit of j?
5
Suppose -2*d + 4 = -0. Suppose d*k = -0*k + 74. What is the units digit of k?
7
Suppose 5*u - 254 = 216. What is the tens digit of u?
9
Let y be 4/7 - (-102)/42. Suppose -2*r = r - 4*c - 23, -2*c + 73 = 5*r. What is the units digit of (r - y)*(-2)/(-4)?
5
Suppose 5*w = -5*o + 1200, -479 = -2*o - w - 0*w. What is the tens digit of o?
3
What is the tens digit of ((-33)/6 + -2)/(6/(-112))?
4
Let c be 1*(-1 - -2) - -2. Suppose -3*x - f = -38, f - c + 1 = 0. What is the tens digit of x?
1
Suppose 7*a + 5*k + 25 = 2*a, 0 = 4*a + 3*k + 22. Let m(u) = -u**3 - 8*u**2 - 8*u - 4. What is the units digit of m(a)?
3
Suppose -2*q + u = 7, -3*u = -4*u - 1. Let n be (-9)/q - (-3)/(-12). Suppose 45 = 3*f - 3*g, n*f + 4*g - g = 10. What is the tens digit of f?
1
Suppose 6*t = 504 + 378. What is the tens digit of t?
4
What is the units digit of 0 + 52*(9 - 5)?
8
What is the tens digit of 2/10 + (-1745)/(-25)?
7
Let l be 3 - -1 - 3 - 2. Let h = l - -23. Suppose 3*p - 14 = h. What is the tens digit of p?
1
What is the tens digit of 4*(14 - 3 - 1)?
4
Suppose c - 2*c = -30. Suppose -4*f = -2*u - c, -15 = 3*u + 2*u. What is the units digit of f?
6
Let a be (6 - 3)*5/3. Suppose 6*n = -4*w + 5*n + 4, 10 = -a*w - 5*n. What is the units digit of w?
2
Suppose -2 = -3*i - 11. Let v be 2/8 - i/(-12). Suppose z + v*z - 3*t - 10 = 0, 0 = 5*z - t - 8. What is the units digit of z?
1
Let x(h) = 14*h**3 - 2*h**2 + 2*h. Let c be x(2). Suppose 0 = 2*l + l - c. What is the tens digit of l?
3
Let y(v) = v. Let x be y(2). Let n(f) = f + 2. Let d be n(-13). What is the tens digit of (x - (-6)/(-2))*d?
1
Suppose 5*o = -2*q + 25, -2*o + 3*q - 6 = -5*o. Suppose o*b - 58 = 5*b. What is the tens digit of b?
2
Suppose 3*p = 4*m + 6, 0*m = 2*m - 2*p + 4. Suppose m*y - 2 = y. Let q(v) = 2*v**2 + 2*v. What is the units digit of q(y)?
4
Let k = 1 + 3. Suppose 0 = -3*w + 4*g + 58, -3*g + 1 = k. What is the units digit of w?
8
Let a(r) = -r**3 - 14*r**2 - 20*r - 11. Let g be a(-13). Suppose -3*c + g = c. What is the units digit of c?
0
Let h(n) = n**3 + 3*n - 4. Let y be h(3). Suppose -4*v + y = -0*v. What is the units digit of v?
8
Suppose j + 4*j - 140 = 0. What is the tens digit of j?
2
Let o be (-6)/(-4) - 156/(-8). Let b = 37 - o. What is the units digit of b?
6
Let b = 31 + -16. Let l = b - 8. What is the units digit of l?
7
Suppose 9 = 3*a, 0*a + 2*a = 5*t - 24. What is the units digit of (-4 + t)/(2/23)?
3
Let j(n) be the third derivative of 5*n**4/24 + 2*n**3/3 - 3*n**2. What is the tens digit of j(4)?
2
Suppose 0 = 6*o - o + 3*q - 136, 5*o + 5*q - 130 = 0. What is the units digit of o?
9
Suppose o - 12 = -4*i, -2*o = 5*i - 11 - 1. Let q = 6 - i. Suppose -q*h = -3*h + 8. What is the units digit of h?
8
Let x(a) = -3*a**2 - 5*a + 3*a**2 - 3*a - 6 - a**2. What is the units digit of x(-7)?
1
Suppose -v = 0, 0*i + 36 = 2*i - 3*v. Suppose -i = -3*t - 6. What is the units digit of t?
4
Let d be (3/2)/(3/(-8)). Let j(k) = 2*k**2 + 3*k - 4. What is the units digit of j(d)?
6
Let b = -1 - -4. Suppose 3*c + 142 = 4*l - 0*l, 0 = 2*l + b*c - 62. Suppose 0 = -5*w + l - 4. What is the units digit of w?
6
What is the tens digit of 4 - 6 - -23 - -2?
2
Suppose -8*x + 4*x + 16 = 0. Suppose -x*t = 5*n + 10, 5*n + t = 6*t - 10. What is the units digit of (-1 + n)*(0 - 1)?
3
Let a(v) = v**3 - 8*v**2 - 44*v + 3. What is the hundreds digit of a(13)?
2
Let x be 0/((-2 - -3)/1). Suppose 2*p - 3*o - 40 = x, 2*p + 0*p + 5*o = 56. What is the tens digit of p?
2
Let d = 37 - 26. What is the tens digit of d?
1
Let m = 12 + -3. Suppose -4*d = 5*a - 72, m*a + 2*d - 66 = 4*a. What is the units digit of (-6)/a*(-3 - -1)?
1
What is the units digit of (-2)/(-3) + 14/(-63)*-231?
2
Let r(x) = -25*x - 12. What is the tens digit of r(-3)?
6
Let f(w) = w + 2*w + 4 - 13. What is the tens digit of f(8)?
1
Suppose 2*l + 4 = -2*l. Let m = 19 + l. What is the tens digit of m?
1
Let g(h) = 4*h**2 + 5*h - 34. What is the tens digit of g(-11)?
9
Suppose -3*w + 21 = -24. What is the units digit of w?
5
Let o be -1*92 - (-3 + 0). Let a = -55 - o. What is the units digit of a?
4
What is the tens digit of (-314)/(-3) - (42/9 + -4)?
0
Suppose -5*m + 15 = 0, -2*t + m = -3*m - 6. Let z = t + -3. Suppose z*p - 70 = p. What is